r when 130 is divided by x(4)?
19
Let b = -4511 - -4519. What is the remainder when 95 is divided by b?
7
Let q(y) = -y**3 - 11*y**2 + 16*y + 175. Let m be q(-11). Calculate the remainder when 107 is divided by ((-44)/3)/m - 192/288.
9
Suppose -553*n + 5 = -552*n, -3*n = -2*h + 23. Calculate the remainder when 356 is divided by h.
14
Let s = 12 - -5. Suppose -3982*o + 2470 = -3953*o - 1793. What is the remainder when o is divided by s?
11
Let q = 201 - 121. Suppose -3*u = -o - u - 5, 5*u - 29 = -3*o. Suppose -5*k + 0*m - 5*m = -q, o*k - 53 = -4*m. What is the remainder when 20 is divided by k?
9
Suppose -434 = -6*u + 4*u + 4*j, -5*j + 1160 = 5*u. Let q = u + -217. What is the remainder when 17 is divided by q?
7
What is the remainder when 613 is divided by -3 - -305 - 0/(13 - 5)?
9
Let t be (-6220)/(-8) + 1/2. Let i = t + -720. What is the remainder when 200 is divided by i?
26
Let p = 1619 - 1612. Calculate the remainder when 825 is divided by p.
6
Let f = -14014 - -14170. What is the remainder when 13413 is divided by f?
153
Suppose 0 = -3*i + 15, 5*k + 13 = 4*i - 27. Let j(a) = 4*a + 30. Calculate the remainder when (0 + 1)/(2/50) is divided by j(k).
11
Let v(z) = 2*z**3 + 239*z**2 - 124*z + 250. What is the remainder when v(-120) is divided by 361?
8
Suppose -118*s = -111*s - 602. Calculate the remainder when 206 is divided by s/(1 - -5 - 4).
34
What is the remainder when 1010 is divided by 90/(3 + 0) - (-553)/(-79)?
21
Suppose -25 + 46 = 3*f. What is the remainder when 129 is divided by (-3)/((3/9)/(f + -10))?
21
Let a(l) = 78*l - 1948. Calculate the remainder when 185 is divided by a(26).
25
Let s(w) = 3*w**3 + 2*w**2 - 3*w + 1. Suppose -60 = -2*z - 2*z. Suppose 3*j - z = 3*q, -45 = -5*j - q - 4*q. Calculate the remainder when s(2) is divided by j.
6
Let w = 9214 - 9180. Calculate the remainder when 883 is divided by w.
33
Suppose 0 = -14*z + 107 + 5. Let c(b) = b**2 + 11*b - 135. What is the remainder when c(z) is divided by 1*9 - (1 - 1)?
8
Let g = 40 - 32. Let h = 53 + -31. Calculate the remainder when h is divided by 5/((-140)/g) - (-30)/7.
2
Let g(c) = -126*c - 8556. Calculate the remainder when g(-72) is divided by 210.
96
Let g be ((-294)/4)/(-1 + (-8)/(-16)). Let n = g + -105. Suppose -2*b = -4*d + n, -d - 5*b + 39 = d. What is the remainder when 93 is divided by d?
9
Suppose 0 = -60*v + 79*v - 399. Let j = 385 + -313. Calculate the remainder when j is divided by v.
9
Suppose z = -k + 109, -70*z + 65*z = -5*k + 485. Let b(j) = j**3 + 5*j**2 - 6*j + 2. What is the remainder when k is divided by b(-5)?
7
Let j be (-1)/(-6)*2*3. Suppose 0 = -4*m + j + 19. Suppose 6*k = 3*k - m*s - 16, -4*k - 3 = 3*s. What is the remainder when 7 is divided by k?
1
Suppose -5*r + n = -1747, -8*n = 17*n + 50. What is the remainder when r is divided by 86?
5
Suppose 288*o - 64 = -2*l + 283*o, -l + 11 = -o. Calculate the remainder when 336 is divided by l.
13
Let q = 8 + -4. Suppose 0 = 4*h + 20, 3*h + h - 128 = -q*o. Suppose 3*w - 2*w = 13. Calculate the remainder when o is divided by w.
11
Suppose 41*y = 31*y + 1050. Calculate the remainder when y is divided by 50.
5
Suppose -4*z + 3489 = -5*c, 1238 = -2*c + 5*z - 161. Let k = c + 704. Calculate the remainder when 116 is divided by k.
4
Let k(z) = 9*z - 98. Let a be k(34). Let y = a + -146. Calculate the remainder when y is divided by 5.
2
Let q = -17286 - -19741. Calculate the remainder when q is divided by 2447.
8
Let r(b) = 444*b + 46818. Let p = -14 + 34. Calculate the remainder when r(-105) is divided by p.
18
Suppose -1050 = -6*j + 24. Calculate the remainder when j is divided by (23/4)/(-1 - 9/(-8)).
41
Suppose -3*s = 2*n + 351, -2*s - 5*n = 258 - 13. Calculate the remainder when 136 is divided by (s/6 - -7)*-6.
63
Let c = 1 - 1. Suppose c = -v, 4*l - 66 = -3*v - 14. Suppose 0 = 2*s - 8, -71*j + 3*s + 108 = -66*j. What is the remainder when j is divided by l?
11
Suppose 0*t - 2*t = 3*z - 13, 9 = 2*z + t. Suppose -7 = f + 4*b - 15, -z*b = -5*f + 165. Calculate the remainder when (-8)/10 - (-4842)/90 is divided by f.
25
Suppose 16 = 4*m - 2*x, 2*x = 2*m - 5 - 1. Suppose 2*s + 474 = 4*n, n - 4*s + m*s - 111 = 0. What is the remainder when n is divided by 7?
4
Suppose 0 = 2*u + 3*k - 62, -13 - 44 = -u + 5*k. Let y = 5017 + -5004. Calculate the remainder when u is divided by y.
11
Let f(x) = 27*x + 524. Calculate the remainder when 1706 is divided by f(-18).
34
Let g = -197 + 363. Suppose -5*m + 4*t = -7*m + 318, 5*t + g = m. Calculate the remainder when m is divided by 41.
38
Suppose 7 = -3*z - 11. Let p be z*34/16 - (-3)/(-12). Let l(h) = -4*h - 45. Calculate the remainder when 26 is divided by l(p).
5
Suppose -33*u - 312*u = 52*u - 1749976. Calculate the remainder when u is divided by 102.
22
Let y be 244/(-6)*213/(-142). Suppose 2*w = -3*a - w + 66, -5*a + w + 116 = 0. Calculate the remainder when (-67 + y)/(2/(-38)) is divided by a.
22
Let r be ((-2 + 3)*-1)/(2/(-4)). Suppose -r*y - 4*y = -204. What is the remainder when 127 is divided by y?
25
Suppose -15 - 19 = -2*w. What is the remainder when (-67)/63*-27*7 is divided by w?
14
Let l be 2*13/((-65)/(-10)). What is the remainder when 99 is divided by (-3)/l + 1665/60?
18
Let h(y) = 6*y**3 + 57*y**2 + 59*y + 24. Calculate the remainder when 1521 is divided by h(-8).
113
Let y be 0/(2 + 3*-1). Let o(g) = g**3 - g**2 + 3. Suppose -14032*t = -14019*t - 104. Calculate the remainder when t is divided by o(y).
2
Suppose 32 = 6*z - 58. Let o be (4 - 20)/(3/((-6)/4)). Let q = o - -48. What is the remainder when q is divided by z?
11
Suppose 90*j + 22 = 79*j. What is the remainder when 230 is divided by j/8 + (-931)/(-28)?
32
Suppose 0 = 25*r - 65 - 35. Suppose -n + 4*c - 9 = 0, -2*n = 3*n + r*c - 51. Calculate the remainder when 13 is divided by n.
6
Suppose 4825 + 3367 = 64*o. What is the remainder when o is divided by 19?
14
Let j = 175 - 127. Let m = -20 + 47. What is the remainder when m is divided by 5 + 2/(-7) + j/21?
6
Let l(z) = -z**3 + 8*z**2 - 6*z - 13. Let d(t) = -3*t + 63. Let y be d(19). Let m = -64 - -129. What is the remainder when m is divided by l(y)?
19
Suppose 5*w = 20, i - 22 = w + 35. Suppose i = 6*m + 7. Let z = 23 + 27. What is the remainder when z is divided by m?
5
Let r = 1101 - -2215. What is the remainder when r is divided by 7?
5
Let y(x) = 2*x**2 + 8*x + 5. Let a be y(-5). Suppose 10 = -5*b, 4*b - 6 + 13 = -k. Suppose a = p - k. What is the remainder when 44 is divided by p?
12
Let y be (-8 + -4)/((-593)/148 + 4). Suppose 0*q + 12*q - y = 0. What is the remainder when q is divided by 76?
72
Calculate the remainder when ((-100)/(-15))/(56/3948) is divided by 11.
8
Let w(f) = -f**3 - 12*f**2 - 15*f + 13. Let y(t) = 2*t**2 - 2*t + 1. Let v = 87 - 89. What is the remainder when w(-12) is divided by y(v)?
11
Let y(a) = 14*a - 9. Let i be y(2). Suppose 5*s - i = 36. Suppose 2*h + 95 = 7*h. What is the remainder when h is divided by s?
8
Let p = 134 - 232. Let i = -43 - p. What is the remainder when i is divided by 15?
10
Let v(x) = -4*x**2 + 4*x + 40. Let y be v(-10). Let p = y - -461. What is the remainder when p is divided by 4/10 - 126/(-10)?
9
Suppose -5*i + 2*m = -423, i - m = 23 + 61. Calculate the remainder when i is divided by 5 + -3 - (-18 - 2).
19
Suppose -11*k - 28*k + 13939 = 14*k. What is the remainder when k is divided by 2?
1
Let t(z) = 0*z**2 + 0*z**2 + 26*z + 0*z**2 - 2*z**2 + 2. Calculate the remainder when 126 is divided by t(12).
22
Let h = -4378 + 4437. Calculate the remainder when 492 is divided by h.
20
Suppose 4*b + 5*n = 3053, -1077*b + 1074*b + 2261 = -2*n. What is the remainder when b is divided by 18?
1
Let p = -1875 - -1960. Calculate the remainder when p is divided by 12.
1
Let t = 7210 - 7128. Let y(k) = k**2 - 7*k - 2. Calculate the remainder when t is divided by y(8).
4
Suppose z - 98 = n, 4*n - 48 + 254 = 2*z. Let y = 59 + -39. What is the remainder when z is divided by y?
13
Let m(p) = -3*p**2 + 119*p - 940. What is the remainder when 1311 is divided by m(28)?
31
Suppose b + 81 = r, 4*r + 2*b - 181 - 131 = 0. Calculate the remainder when r is divided by 30*(-7 - 25/(-3)).
39
What is the remainder when 6/6*2 + (-4204 - -1)/(-3) is divided by 17?
9
Calculate the remainder when (-601)/(-5) + 